 the remainder when -47*(-2)/n*-1 is divided by 3/(7/((-224)/(-6))).
15
Suppose -w = -8*w + 112. Calculate the remainder when 78 is divided by w.
14
Let d = -603 + 897. Suppose -o = -4*k - 0*o + d, 2 = -o. What is the remainder when k is divided by 25?
23
Let y = 26 + 17. Let o = 74 - y. What is the remainder when o is divided by 16?
15
What is the remainder when (-2133)/(-18)*(-4)/(-6) is divided by 16?
15
Let r = -33 - -49. Suppose -3*n + 4 = -2. Suppose -2*b = 2*w - 20, -n*w - 46 = -7*w - 4*b. What is the remainder when r is divided by w?
4
Suppose -3*w = 2*w. Suppose w = -2*a - 0*a, -5*r - 5*a = -25. What is the remainder when 14 is divided by r?
4
What is the remainder when (259/14)/(2/4) is divided by 10?
7
Let i = 85 - 51. Calculate the remainder when i is divided by (-2)/3*6*70/(-40).
6
Let m = 224 + -150. What is the remainder when m is divided by 19?
17
Let i(s) = -s**2 + 3*s + 2. Let o be i(2). Let y be 0/(3 - (-3 + o)). Let f = y + 4. Calculate the remainder when f is divided by 3.
1
Let c be (5 - 0)*2 + 0. Let g = -7 + 12. Let h = c - g. Calculate the remainder when 8 is divided by h.
3
Suppose -5*v - 3*q + q + 115 = 0, -3*v + 85 = -2*q. What is the remainder when 122 is divided by v?
22
Suppose 2*k - 3 = -3*r + 10, 3*r - 10 = -5*k. Let w = k + 3. Suppose -w*g + 0*g + 30 = 0. Calculate the remainder when 28 is divided by g.
13
Suppose 24*f - 208 = 22*f. What is the remainder when f is divided by 36?
32
Suppose -24 = -z - 4*g - g, -5*z + 68 = -g. Suppose 3*n - 20 = 103. What is the remainder when n is divided by z?
13
Calculate the remainder when 26 - (-2)/(3 + -2) is divided by 15.
13
Suppose 10 = 2*h - 0. Let o(j) = -2*j - 3. Let p be o(-3). Let u = h - p. What is the remainder when 2 is divided by u?
0
Suppose 0 = -c - 4*c + 10. Suppose -r + 72 = 5*m + 3*r, 18 = c*m - 2*r. Suppose 0 = -2*v + 28 + m. Calculate the remainder when 57 is divided by v.
17
Let n be (21/(-7))/(9/6). Let s(w) be the first derivative of -w**2 + 2*w - 2. Calculate the remainder when s(n) is divided by 4.
2
Let i be 16 - (2 + -5)*1. Let q = -7 + i. What is the remainder when 45 is divided by q?
9
Suppose 2*w + 149 = 3*v, -3 - 7 = -2*w. Calculate the remainder when v is divided by (-18)/(1 + -2 - 0).
17
Let z(m) = 21*m**2 - 1. What is the remainder when 1/2 + 1380/24 is divided by z(1)?
18
Let a be (-3)/((-3)/7) - 1. Let k(v) = v + 3. Calculate the remainder when 26 is divided by k(a).
8
What is the remainder when 3*((-4)/(-3))/(-2) + 31 is divided by 8?
5
Let z = 8 + -12. What is the remainder when 55 is divided by 4*z*(-14)/8?
27
Suppose -5*y = -3*y - 20. Let u = 50 - y. Suppose d = -3*d + z + 56, -z = 0. Calculate the remainder when u is divided by d.
12
Let w(r) = 5*r**2 + 2*r + 1. Let v be w(-1). Calculate the remainder when 35 is divided by v/(-7) - 176/(-14).
11
What is the remainder when 41 is divided by (28/(-88) - 2/11)*-42?
20
Suppose i + 2*s = 27, -4*i - i + 2*s + 111 = 0. Let c(n) = n**2 + 2*n - 7. What is the remainder when i is divided by c(-5)?
7
Suppose 22*u = 20*u + 30. What is the remainder when 39 is divided by u?
9
Let k = 79 - 36. Suppose w + 10*s - 5 = 5*s, 0 = -2*w + s + k. Let f = 289 - 282. Calculate the remainder when w is divided by f.
6
Suppose 80 = 5*p + 4*o + 30, 0 = 3*p + 5*o - 43. Calculate the remainder when 22/(-4)*-1*2 is divided by p.
5
Let b = 17 - 3. What is the remainder when 24 is divided by b?
10
What is the remainder when (-21)/2*(-8)/6 is divided by 9?
5
Calculate the remainder when 27 is divided by (18/45)/(1/35).
13
Suppose 4*r - 303 = 3*a, 0 = 3*r + 3*a - 257 + 14. Calculate the remainder when r is divided by 28.
22
Suppose -82 = -2*r + 4*a, -128 = -4*r + a + 71. Calculate the remainder when r is divided by 9.
6
Let h be (-33)/(-7) + (-4)/(-14). Suppose -2 = h*t - q - 23, -q = 1. Calculate the remainder when 6 is divided by t.
2
Let d be 5/(1/1 + 0). Let b be (2/d)/((-1)/(-10)). Suppose -3*j = 3*r - 36, -b*r = 5*j - 0*r - 59. Calculate the remainder when 31 is divided by j.
9
Let c(z) = -11*z + 1. What is the remainder when c(-7) is divided by 10?
8
Suppose 3*p - 2*h - 62 = 0, 3*p = 3*h - 22 + 88. Calculate the remainder when 27 is divided by p.
9
Let v(w) = w**3 + w**2 - 3*w + 4. Let c be v(-3). What is the remainder when 1/(-1)*(-10 + c) is divided by 4?
3
Let c = -38 - -52. What is the remainder when 1 - 1*-38 - -1 is divided by c?
12
Suppose 94 - 779 = -5*j. Suppose -5*p + j = -68. Let a = -22 + p. What is the remainder when a is divided by 7?
5
Let h = 27 - 28. Let o(v) = -14*v + 1. What is the remainder when 57 is divided by o(h)?
12
Suppose 0 = l - 2*t - 11, -6*t + t - 70 = -5*l. Calculate the remainder when 67 is divided by l.
16
Suppose 0 = 4*d - d. Suppose w + 1 = 2. What is the remainder when d + 4 - (5 - 3) is divided by w?
0
Let a = 135 - 86. Calculate the remainder when a is divided by 28.
21
Suppose 0 = 5*v - l - 96, -2*l + 0*l = v - 17. Calculate the remainder when 170 is divided by v.
18
Let f(l) = -l**2 - 14*l - 11. Let h be f(-9). Suppose 2*t + h = -4*a, 3*t + a - 3*a + 43 = 0. What is the remainder when 47 is divided by (-234)/t - (-2)/5?
15
Suppose -u + 7 = -9. Suppose 3 = y + 3*g, -2*y - 4*g + 19 = y. What is the remainder when u is divided by y?
7
Let t = -8 - -35. Let a(m) = -m**3 - 8*m**2 + 10*m + 12. Let b be a(-9). Suppose 7 = 2*r + b, 4*r - 15 = -d. What is the remainder when t is divided by d?
6
Let k(f) = 4*f. Let j be (-6)/(-18) - 46/(-6). Let i(x) = x - 2. Calculate the remainder when k(4) is divided by i(j).
4
Suppose -2*j + 44 + 50 = 0. Suppose -4*a = -6*k + 4*k, 5*a - 13 = -4*k. Suppose 4 = 2*f + 12, 52 = 5*u + k*f. Calculate the remainder when j is divided by u.
11
Suppose -8*i + 62 = -682. What is the remainder when i is divided by 12?
9
Calculate the remainder when 125 is divided by 45 + 4/(-8)*2*2.
39
Suppose 3*d + 30 = 3*n, -5*d + 3*n - 30 - 12 = 0. Let v = 13 + d. Calculate the remainder when 19 is divided by v.
5
Let c be 20/1*22/5. Suppose 0 = 4*o - c - 16. What is the remainder when o is divided by 9?
8
Suppose 2 = u - 15. Suppose -3*t + 12 = s, 0 = -2*t + t + 1. Calculate the remainder when u is divided by s.
8
Calculate the remainder when 47 is divided by 1 + 11 - (0 + 0).
11
Calculate the remainder when -3 + (-152)/(-7) + (-6)/(-21) is divided by 4.
3
Suppose -w + 21 + 34 = 3*j, -5*w = 5*j - 245. Suppose 18 = 3*u - 54. What is the remainder when w is divided by u?
22
Suppose -v + 5*v = 56. Suppose -r - m = 1, 3*r - m = -r - v. Let d(b) = -2*b**3 - 2*b**2 - 1. Calculate the remainder when d(r) is divided by 12.
11
Suppose 12 + 12 = -4*l. Let d be 2 + (l/(-3))/2. Suppose 4*m = 12, d*z + 5*m - 46 - 8 = 0. What is the remainder when 38 is divided by z?
12
Let y = -32 + 22. Let k(z) = z**3 - 3*z**2 - 8*z + 3. Calculate the remainder when k(5) is divided by ((-28)/y)/(14/35).
6
Let y(a) = 42*a**2 - 1. What is the remainder when y(1) is divided by 11?
8
Let d be 3 + 5 + 4 + -2. Suppose -4*s = -9*s + d. Calculate the remainder when 3 is divided by s.
1
Let q = 0 + -7. Let x(c) = -4*c - 6. Let o be x(q). Suppose o = -0*v + v. Calculate the remainder when v is divided by 12.
10
Suppose -15*n + 12*n + 39 = 0. Calculate the remainder when 23 is divided by n.
10
Let w(s) = -s**2 - 18*s + 12. Let a be w(-14). Let h = 123 - a. What is the remainder when h is divided by 14?
13
Let t(v) = 2*v**3 - v - 1. Suppose -4*f - 18 = z, 8 = -5*f - 17. What is the remainder when 24 is divided by t(z)?
11
Suppose -4*u = 5*g - 471, -5*u - 33 = -g + 38. Calculate the remainder when g is divided by 31.
29
Let z = -4 - -10. What is the remainder when z is divided by 3?
0
Suppose -x - x + 8 = 0. Let c = -6 + 8. Suppose 8*o - h - 7 = x*o, c*o - 9 = -5*h. What is the remainder when 2 is divided by o?
0
Suppose 0 = 4*p - p. Suppose 2*r + p*r - 58 = 0. Calculate the remainder when r is divided by 10.
9
Let y(n) = -28*n**3 - n**2 - n + 1. Calculate the remainder when 56 is divided by y(-1).
27
Let g(u) = -u**3 - 14*u**2 - 14*u + 6. Calculate the remainder when 36 is divided by g(-13).
17
What is the remainder when 42 is divided by -1*3*(-5 - 0)?
12
Let m = 23 - 2. Suppose 2*x = 7*x - 515. What is the remainder when x is divided by m?
19
Suppose -5*l - x + 94 = 0, 3*x - 45 - 21 = -3*l. Let d(j) = -j